{"id":31,"date":"2020-06-18T14:08:11","date_gmt":"2020-06-18T12:08:11","guid":{"rendered":"http:\/\/www.fs-umi.ac.ma\/wordpress\/?page_id=31"},"modified":"2026-01-12T11:09:15","modified_gmt":"2026-01-12T10:09:15","slug":"mot-du-doyen","status":"publish","type":"page","link":"https:\/\/www.fs-umi.ac.ma\/index.php\/mot-du-doyen\/","title":{"rendered":"Mot du doyen"},"content":{"rendered":"\t\t<div data-elementor-type=\"wp-page\" data-elementor-id=\"31\" class=\"elementor elementor-31\">\n\t\t\t\t\t\t<header class=\"elementor-section elementor-top-section elementor-element elementor-element-0a46512 elementor-section-full_width elementor-section-height-min-height elementor-section-items-bottom elementor-section-height-default elementor-invisible\" data-id=\"0a46512\" data-element_type=\"section\" data-e-type=\"section\" data-settings=\"{&quot;background_background&quot;:&quot;classic&quot;,&quot;animation&quot;:&quot;fadeIn&quot;,&quot;animation_delay&quot;:50}\">\n\t\t\t\t\t\t\t<div class=\"elementor-background-overlay\"><\/div>\n\t\t\t\t\t\t\t<div class=\"elementor-container elementor-column-gap-no\">\n\t\t\t\t\t<div class=\"elementor-column elementor-col-100 elementor-top-column elementor-element elementor-element-89e049a\" data-id=\"89e049a\" data-element_type=\"column\" data-e-type=\"column\">\n\t\t\t<div class=\"elementor-widget-wrap elementor-element-populated\">\n\t\t\t\t\t\t<section class=\"elementor-section elementor-inner-section elementor-element elementor-element-86305a0 elementor-section-content-bottom elementor-section-boxed elementor-section-height-default elementor-section-height-default\" data-id=\"86305a0\" data-element_type=\"section\" data-e-type=\"section\">\n\t\t\t\t\t\t<div class=\"elementor-container elementor-column-gap-default\">\n\t\t\t\t\t<div class=\"elementor-column elementor-col-100 elementor-inner-column elementor-element elementor-element-a489755\" data-id=\"a489755\" data-element_type=\"column\" data-e-type=\"column\">\n\t\t\t<div class=\"elementor-widget-wrap elementor-element-populated\">\n\t\t\t\t\t\t<div class=\"elementor-element elementor-element-454cb8c animated-slow elementor-widget elementor-widget-heading\" data-id=\"454cb8c\" data-element_type=\"widget\" data-e-type=\"widget\" data-settings=\"{&quot;_animation&quot;:&quot;none&quot;}\" data-widget_type=\"heading.default\">\n\t\t\t\t<div class=\"elementor-widget-container\">\n\t\t\t\t\t<h6 class=\"elementor-heading-title elementor-size-default\">MOT DU DOYEN<\/h6>\t\t\t\t<\/div>\n\t\t\t\t<\/div>\n\t\t\t\t\t<\/div>\n\t\t<\/div>\n\t\t\t\t\t<\/div>\n\t\t<\/section>\n\t\t\t\t\t<\/div>\n\t\t<\/div>\n\t\t\t\t\t<\/div>\n\t\t<\/header>\n\t\t\t\t<section class=\"elementor-section elementor-top-section elementor-element elementor-element-e8d6c1e elementor-section-boxed elementor-section-height-default elementor-section-height-default\" data-id=\"e8d6c1e\" data-element_type=\"section\" data-e-type=\"section\">\n\t\t\t\t\t\t<div class=\"elementor-container elementor-column-gap-default\">\n\t\t\t\t\t<div class=\"elementor-column elementor-col-100 elementor-top-column elementor-element elementor-element-d5b6b21\" data-id=\"d5b6b21\" data-element_type=\"column\" data-e-type=\"column\">\n\t\t\t<div class=\"elementor-widget-wrap\">\n\t\t\t\t\t\t\t<\/div>\n\t\t<\/div>\n\t\t\t\t\t<\/div>\n\t\t<\/section>\n\t\t\t\t<section class=\"elementor-section elementor-top-section elementor-element elementor-element-60dfbf3 elementor-section-boxed elementor-section-height-default elementor-section-height-default elementor-invisible\" data-id=\"60dfbf3\" data-element_type=\"section\" data-e-type=\"section\" data-settings=\"{&quot;animation&quot;:&quot;fadeIn&quot;}\">\n\t\t\t\t\t\t<div class=\"elementor-container elementor-column-gap-default\">\n\t\t\t\t\t<div class=\"elementor-column elementor-col-50 elementor-top-column elementor-element elementor-element-22beb1b\" data-id=\"22beb1b\" data-element_type=\"column\" data-e-type=\"column\">\n\t\t\t<div class=\"elementor-widget-wrap elementor-element-populated\">\n\t\t\t\t\t\t<div class=\"elementor-element elementor-element-169caac elementor-widget elementor-widget-image\" data-id=\"169caac\" data-element_type=\"widget\" data-e-type=\"widget\" data-widget_type=\"image.default\">\n\t\t\t\t<div class=\"elementor-widget-container\">\n\t\t\t\t\t\t\t\t\t\t\t\t\t\t\t<img fetchpriority=\"high\" decoding=\"async\" width=\"549\" height=\"1024\" src=\"https:\/\/www.fs-umi.ac.ma\/wp-content\/uploads\/2026\/01\/taoufiq-fechtali-549x1024.jpg\" class=\"attachment-large size-large wp-image-11598\" alt=\"Taoufiq Fechtali\" srcset=\"https:\/\/www.fs-umi.ac.ma\/wp-content\/uploads\/2026\/01\/taoufiq-fechtali-549x1024.jpg 549w, https:\/\/www.fs-umi.ac.ma\/wp-content\/uploads\/2026\/01\/taoufiq-fechtali-161x300.jpg 161w, https:\/\/www.fs-umi.ac.ma\/wp-content\/uploads\/2026\/01\/taoufiq-fechtali-200x373.jpg 200w, https:\/\/www.fs-umi.ac.ma\/wp-content\/uploads\/2026\/01\/taoufiq-fechtali.jpg 590w\" sizes=\"(max-width: 549px) 100vw, 549px\" \/>\t\t\t\t\t\t\t\t\t\t\t\t\t\t\t<\/div>\n\t\t\t\t<\/div>\n\t\t\t\t\t<\/div>\n\t\t<\/div>\n\t\t\t\t<div class=\"elementor-column elementor-col-50 elementor-top-column elementor-element elementor-element-2509635\" data-id=\"2509635\" data-element_type=\"column\" data-e-type=\"column\">\n\t\t\t<div class=\"elementor-widget-wrap elementor-element-populated\">\n\t\t\t\t\t\t<div class=\"elementor-element elementor-element-16945c3f elementor-widget elementor-widget-text-editor\" data-id=\"16945c3f\" data-element_type=\"widget\" data-e-type=\"widget\" data-widget_type=\"text-editor.default\">\n\t\t\t\t<div class=\"elementor-widget-container\">\n\t\t\t\t\t\t\t\t\t<p>La Facult\u00e9 des Sciences de Mekn\u00e8s (FSM) se positionne comme un \u00e9tablissement phare au sein de l&#8217;Universit\u00e9 Moulay Ismail, forte d&#8217;une tradition de dynamisme et d&#8217;excellence reconnue. Depuis sa cr\u00e9ation en 1982, la FSM a jou\u00e9 un r\u00f4le central dans la formation de talents en Math\u00e9matiques, Informatique, Physique, Chimie, Biologie et G\u00e9ologie, proposant des cursus riches et diversifi\u00e9s. La qualit\u00e9 de son corps enseignant chercheur et l&#8217;engagement des \u00e9quipes de gestion au quotidien de l\u2019\u00e9tablissement, lui ont permis d&#8217;acqu\u00e9rir une place respectable dans le paysage universitaire national.<\/p><p>Le projet de d\u00e9veloppement pour la FSM que je propose de porter avec l\u2019ensemble des ressources de cet \u00e9tablissement, s&#8217;inscrit dans une vision strat\u00e9gique visant \u00e0 consolider ces acquis et \u00e0 initier une dynamique de croissance suppl\u00e9mentaire. L&#8217;ambition premi\u00e8re est d&#8217;accro\u00eetre la visibilit\u00e9 et l&#8217;attractivit\u00e9 de notre \u00e9tablissement, tant \u00e0 l&#8217;\u00e9chelle nationale qu&#8217;internationale, en affirmant son r\u00f4le de p\u00f4le d&#8217;excellence en formation, de centre de recherche et d&#8217;innovation de premier plan, et de partenaire cl\u00e9 du d\u00e9veloppement socio-\u00e9conomique r\u00e9gional et national.<\/p><p>Pour r\u00e9aliser cette ambition, notre approche commune valorisera pleinement l&#8217;engagement et la dynamique de notre communaut\u00e9 \u00e9tudiante, v\u00e9ritable moteur de notre production scientifique et levier essentiel pour concr\u00e9tiser ce projet. En parall\u00e8le, nous entendons moderniser nos outils et pratiques en accroissant les capacit\u00e9s et l&#8217;accessibilit\u00e9 de nos dispositifs num\u00e9riques actuels. Cette d\u00e9marche s&#8217;inscrit aussi dans l\u2019\u00e9lan mondial visant \u00e0 int\u00e9grer les technologies de l&#8217;intelligence artificielle, que nous aborderons de mani\u00e8re progressive et r\u00e9fl\u00e9chie, en explorant leur potentiel pour enrichir nos formations et dynamiser notre recherche. Ce projet s&#8217;articule donc autour d&#8217;une mobilisation des ressources humaines internes, levier essentiel de notre d\u00e9veloppement, et d&#8217;une strat\u00e9gie de partenariats ambitieuse avec d&#8217;autres institutions acad\u00e9miques et socio-\u00e9conomiques, nationales et internationales.<\/p><p>Enfin, l&#8217;\u00e9valuation continue de ce projet permettra d&#8217;assurer sa pertinence et son efficacit\u00e9.<\/p><p>En capitalisant sur ses atouts, en valorisant l&#8217;engagement de ses \u00e9tudiants et en s&#8217;ouvrant \u00e0 de nouvelles collaborations, la FSM sera appel\u00e9e plus que jamais \u00e0 jouer un r\u00f4le moteur dans le d\u00e9veloppement socio-\u00e9conomique de la r\u00e9gion F\u00e8s-Mekn\u00e8s et du Maroc, confortant ainsi sa position comme acteur incontournable de l&#8217;enseignement sup\u00e9rieur et de la recherche.<\/p><p>Ensemble, forts de nos atouts et de notre engagement collectif, nous avons l&#8217;opportunit\u00e9 unique de propulser la Facult\u00e9 des Sciences de Mekn\u00e8s vers de nouveaux sommets. Je vous invite \u00e0 vous inscrire pleinement dans ce projet ambitieux, \u00e0 apporter votre expertise et votre \u00e9nergie pour l&#8217;enrichir et lui permettre de se r\u00e9aliser pleinement au service de nos \u00e9tudiants, de notre r\u00e9gion et de notre pays. Je vous remercie pour votre attention et pour votre futur engagement.<\/p><p style=\"text-align: right;\">Pr. Taoufiq Fechtali<br \/>Doyen de la facult\u00e9 des sciences de Mekn\u00e8s<\/p>\t\t\t\t\t\t\t\t<\/div>\n\t\t\t\t<\/div>\n\t\t\t\t\t<\/div>\n\t\t<\/div>\n\t\t\t\t\t<\/div>\n\t\t<\/section>\n\t\t\t\t<section class=\"elementor-section elementor-top-section elementor-element elementor-element-299f4cf elementor-section-boxed elementor-section-height-default elementor-section-height-default\" data-id=\"299f4cf\" data-element_type=\"section\" data-e-type=\"section\">\n\t\t\t\t\t\t<div class=\"elementor-container elementor-column-gap-default\">\n\t\t\t\t\t<div class=\"elementor-column elementor-col-100 elementor-top-column elementor-element elementor-element-56e510f\" data-id=\"56e510f\" data-element_type=\"column\" data-e-type=\"column\">\n\t\t\t<div class=\"elementor-widget-wrap elementor-element-populated\">\n\t\t\t\t\t\t<div class=\"elementor-element elementor-element-2ae2cd6 elementor-hidden-desktop elementor-hidden-tablet elementor-hidden-mobile elementor-widget elementor-widget-heading\" data-id=\"2ae2cd6\" data-element_type=\"widget\" data-e-type=\"widget\" data-widget_type=\"heading.default\">\n\t\t\t\t<div class=\"elementor-widget-container\">\n\t\t\t\t\t<h2 class=\"elementor-heading-title elementor-size-default\">taoufiq fechtali<\/h2>\t\t\t\t<\/div>\n\t\t\t\t<\/div>\n\t\t\t\t\t<\/div>\n\t\t<\/div>\n\t\t\t\t\t<\/div>\n\t\t<\/section>\n\t\t\t\t<\/div>\n\t\t","protected":false},"excerpt":{"rendered":"<p>MOT DU DOYEN La Facult\u00e9 des Sciences de Mekn\u00e8s (FSM) se positionne comme un \u00e9tablissement phare au sein de l&#8217;Universit\u00e9 Moulay Ismail, forte d&#8217;une tradition de dynamisme et d&#8217;excellence reconnue. Depuis sa cr\u00e9ation en 1982, la FSM a jou\u00e9 un r\u00f4le central dans la formation de talents en Math\u00e9matiques, Informatique, Physique, Chimie, Biologie et G\u00e9ologie,&hellip;&nbsp;<\/p>\n","protected":false},"author":1,"featured_media":0,"parent":0,"menu_order":0,"comment_status":"closed","ping_status":"closed","template":"","meta":{"neve_meta_sidebar":"","neve_meta_container":"","neve_meta_enable_content_width":"","neve_meta_content_width":0,"neve_meta_title_alignment":"","neve_meta_author_avatar":"","neve_post_elements_order":"","neve_meta_disable_header":"","neve_meta_disable_footer":"","neve_meta_disable_title":"","footnotes":""},"class_list":["post-31","page","type-page","status-publish","hentry"],"yoast_head":"<!-- This site is optimized with the Yoast SEO plugin v27.5 - https:\/\/yoast.com\/product\/yoast-seo-wordpress\/ -->\n<title>Mot du doyen - Facult\u00e9 des sciences de Mekn\u00e8s<\/title>\n<meta name=\"robots\" content=\"index, follow, max-snippet:-1, max-image-preview:large, max-video-preview:-1\" \/>\n<link rel=\"canonical\" href=\"https:\/\/www.fs-umi.ac.ma\/index.php\/mot-du-doyen\/\" \/>\n<meta property=\"og:locale\" content=\"fr_FR\" \/>\n<meta property=\"og:type\" content=\"article\" \/>\n<meta property=\"og:title\" content=\"Mot du doyen - Facult\u00e9 des sciences de Mekn\u00e8s\" \/>\n<meta property=\"og:description\" content=\"MOT DU DOYEN La Facult\u00e9 des Sciences de Mekn\u00e8s (FSM) se positionne comme un \u00e9tablissement phare au sein de l&#8217;Universit\u00e9 Moulay Ismail, forte d&#8217;une tradition de dynamisme et d&#8217;excellence reconnue. Depuis sa cr\u00e9ation en 1982, la FSM a jou\u00e9 un r\u00f4le central dans la formation de talents en Math\u00e9matiques, Informatique, Physique, Chimie, Biologie et G\u00e9ologie,&hellip;&nbsp;\" \/>\n<meta property=\"og:url\" content=\"https:\/\/www.fs-umi.ac.ma\/index.php\/mot-du-doyen\/\" \/>\n<meta property=\"og:site_name\" content=\"Facult\u00e9 des sciences de Mekn\u00e8s\" \/>\n<meta property=\"article:modified_time\" content=\"2026-01-12T10:09:15+00:00\" \/>\n<meta property=\"og:image\" content=\"https:\/\/www.fs-umi.ac.ma\/wp-content\/uploads\/2026\/01\/taoufiq-fechtali.jpg\" \/>\n\t<meta property=\"og:image:width\" content=\"590\" \/>\n\t<meta property=\"og:image:height\" content=\"1100\" \/>\n\t<meta property=\"og:image:type\" content=\"image\/jpeg\" \/>\n<meta name=\"twitter:card\" content=\"summary_large_image\" \/>\n<meta name=\"twitter:label1\" content=\"Dur\u00e9e de lecture estim\u00e9e\" \/>\n\t<meta name=\"twitter:data1\" content=\"3 minutes\" \/>\n<script type=\"application\/ld+json\" class=\"yoast-schema-graph\">{\"@context\":\"https:\\\/\\\/schema.org\",\"@graph\":[{\"@type\":\"WebPage\",\"@id\":\"https:\\\/\\\/www.fs-umi.ac.ma\\\/index.php\\\/mot-du-doyen\\\/\",\"url\":\"https:\\\/\\\/www.fs-umi.ac.ma\\\/index.php\\\/mot-du-doyen\\\/\",\"name\":\"Mot du doyen - Facult\u00e9 des sciences de Mekn\u00e8s\",\"isPartOf\":{\"@id\":\"https:\\\/\\\/www.fs-umi.ac.ma\\\/#website\"},\"primaryImageOfPage\":{\"@id\":\"https:\\\/\\\/www.fs-umi.ac.ma\\\/index.php\\\/mot-du-doyen\\\/#primaryimage\"},\"image\":{\"@id\":\"https:\\\/\\\/www.fs-umi.ac.ma\\\/index.php\\\/mot-du-doyen\\\/#primaryimage\"},\"thumbnailUrl\":\"https:\\\/\\\/www.fs-umi.ac.ma\\\/wp-content\\\/uploads\\\/2026\\\/01\\\/taoufiq-fechtali-549x1024.jpg\",\"datePublished\":\"2020-06-18T12:08:11+00:00\",\"dateModified\":\"2026-01-12T10:09:15+00:00\",\"breadcrumb\":{\"@id\":\"https:\\\/\\\/www.fs-umi.ac.ma\\\/index.php\\\/mot-du-doyen\\\/#breadcrumb\"},\"inLanguage\":\"fr-FR\",\"potentialAction\":[{\"@type\":\"ReadAction\",\"target\":[\"https:\\\/\\\/www.fs-umi.ac.ma\\\/index.php\\\/mot-du-doyen\\\/\"]}]},{\"@type\":\"ImageObject\",\"inLanguage\":\"fr-FR\",\"@id\":\"https:\\\/\\\/www.fs-umi.ac.ma\\\/index.php\\\/mot-du-doyen\\\/#primaryimage\",\"url\":\"https:\\\/\\\/www.fs-umi.ac.ma\\\/wp-content\\\/uploads\\\/2026\\\/01\\\/taoufiq-fechtali.jpg\",\"contentUrl\":\"https:\\\/\\\/www.fs-umi.ac.ma\\\/wp-content\\\/uploads\\\/2026\\\/01\\\/taoufiq-fechtali.jpg\",\"width\":590,\"height\":1100,\"caption\":\"Taoufiq Fechtali\"},{\"@type\":\"BreadcrumbList\",\"@id\":\"https:\\\/\\\/www.fs-umi.ac.ma\\\/index.php\\\/mot-du-doyen\\\/#breadcrumb\",\"itemListElement\":[{\"@type\":\"ListItem\",\"position\":1,\"name\":\"Accueil\",\"item\":\"https:\\\/\\\/www.fs-umi.ac.ma\\\/\"},{\"@type\":\"ListItem\",\"position\":2,\"name\":\"Mot du doyen\"}]},{\"@type\":\"WebSite\",\"@id\":\"https:\\\/\\\/www.fs-umi.ac.ma\\\/#website\",\"url\":\"https:\\\/\\\/www.fs-umi.ac.ma\\\/\",\"name\":\"Facult\u00e9 des sciences de Mekn\u00e8s\",\"description\":\"Universit\u00e9 Moulay Ismail\",\"publisher\":{\"@id\":\"https:\\\/\\\/www.fs-umi.ac.ma\\\/#organization\"},\"potentialAction\":[{\"@type\":\"SearchAction\",\"target\":{\"@type\":\"EntryPoint\",\"urlTemplate\":\"https:\\\/\\\/www.fs-umi.ac.ma\\\/?s={search_term_string}\"},\"query-input\":{\"@type\":\"PropertyValueSpecification\",\"valueRequired\":true,\"valueName\":\"search_term_string\"}}],\"inLanguage\":\"fr-FR\"},{\"@type\":\"Organization\",\"@id\":\"https:\\\/\\\/www.fs-umi.ac.ma\\\/#organization\",\"name\":\"Facult\u00e9 des sciences de Mekn\u00e8s\",\"url\":\"https:\\\/\\\/www.fs-umi.ac.ma\\\/\",\"logo\":{\"@type\":\"ImageObject\",\"inLanguage\":\"fr-FR\",\"@id\":\"https:\\\/\\\/www.fs-umi.ac.ma\\\/#\\\/schema\\\/logo\\\/image\\\/\",\"url\":\"https:\\\/\\\/www.fs-umi.ac.ma\\\/wp-content\\\/uploads\\\/2020\\\/10\\\/logo-2.png\",\"contentUrl\":\"https:\\\/\\\/www.fs-umi.ac.ma\\\/wp-content\\\/uploads\\\/2020\\\/10\\\/logo-2.png\",\"width\":824,\"height\":307,\"caption\":\"Facult\u00e9 des sciences de Mekn\u00e8s\"},\"image\":{\"@id\":\"https:\\\/\\\/www.fs-umi.ac.ma\\\/#\\\/schema\\\/logo\\\/image\\\/\"}}]}<\/script>\n<!-- \/ Yoast SEO plugin. -->","yoast_head_json":{"title":"Mot du doyen - Facult\u00e9 des sciences de Mekn\u00e8s","robots":{"index":"index","follow":"follow","max-snippet":"max-snippet:-1","max-image-preview":"max-image-preview:large","max-video-preview":"max-video-preview:-1"},"canonical":"https:\/\/www.fs-umi.ac.ma\/index.php\/mot-du-doyen\/","og_locale":"fr_FR","og_type":"article","og_title":"Mot du doyen - Facult\u00e9 des sciences de Mekn\u00e8s","og_description":"MOT DU DOYEN La Facult\u00e9 des Sciences de Mekn\u00e8s (FSM) se positionne comme un \u00e9tablissement phare au sein de l&#8217;Universit\u00e9 Moulay Ismail, forte d&#8217;une tradition de dynamisme et d&#8217;excellence reconnue. Depuis sa cr\u00e9ation en 1982, la FSM a jou\u00e9 un r\u00f4le central dans la formation de talents en Math\u00e9matiques, Informatique, Physique, Chimie, Biologie et G\u00e9ologie,&hellip;&nbsp;","og_url":"https:\/\/www.fs-umi.ac.ma\/index.php\/mot-du-doyen\/","og_site_name":"Facult\u00e9 des sciences de Mekn\u00e8s","article_modified_time":"2026-01-12T10:09:15+00:00","og_image":[{"width":590,"height":1100,"url":"https:\/\/www.fs-umi.ac.ma\/wp-content\/uploads\/2026\/01\/taoufiq-fechtali.jpg","type":"image\/jpeg"}],"twitter_card":"summary_large_image","twitter_misc":{"Dur\u00e9e de lecture estim\u00e9e":"3 minutes"},"schema":{"@context":"https:\/\/schema.org","@graph":[{"@type":"WebPage","@id":"https:\/\/www.fs-umi.ac.ma\/index.php\/mot-du-doyen\/","url":"https:\/\/www.fs-umi.ac.ma\/index.php\/mot-du-doyen\/","name":"Mot du doyen - Facult\u00e9 des sciences de Mekn\u00e8s","isPartOf":{"@id":"https:\/\/www.fs-umi.ac.ma\/#website"},"primaryImageOfPage":{"@id":"https:\/\/www.fs-umi.ac.ma\/index.php\/mot-du-doyen\/#primaryimage"},"image":{"@id":"https:\/\/www.fs-umi.ac.ma\/index.php\/mot-du-doyen\/#primaryimage"},"thumbnailUrl":"https:\/\/www.fs-umi.ac.ma\/wp-content\/uploads\/2026\/01\/taoufiq-fechtali-549x1024.jpg","datePublished":"2020-06-18T12:08:11+00:00","dateModified":"2026-01-12T10:09:15+00:00","breadcrumb":{"@id":"https:\/\/www.fs-umi.ac.ma\/index.php\/mot-du-doyen\/#breadcrumb"},"inLanguage":"fr-FR","potentialAction":[{"@type":"ReadAction","target":["https:\/\/www.fs-umi.ac.ma\/index.php\/mot-du-doyen\/"]}]},{"@type":"ImageObject","inLanguage":"fr-FR","@id":"https:\/\/www.fs-umi.ac.ma\/index.php\/mot-du-doyen\/#primaryimage","url":"https:\/\/www.fs-umi.ac.ma\/wp-content\/uploads\/2026\/01\/taoufiq-fechtali.jpg","contentUrl":"https:\/\/www.fs-umi.ac.ma\/wp-content\/uploads\/2026\/01\/taoufiq-fechtali.jpg","width":590,"height":1100,"caption":"Taoufiq Fechtali"},{"@type":"BreadcrumbList","@id":"https:\/\/www.fs-umi.ac.ma\/index.php\/mot-du-doyen\/#breadcrumb","itemListElement":[{"@type":"ListItem","position":1,"name":"Accueil","item":"https:\/\/www.fs-umi.ac.ma\/"},{"@type":"ListItem","position":2,"name":"Mot du doyen"}]},{"@type":"WebSite","@id":"https:\/\/www.fs-umi.ac.ma\/#website","url":"https:\/\/www.fs-umi.ac.ma\/","name":"Facult\u00e9 des sciences de Mekn\u00e8s","description":"Universit\u00e9 Moulay Ismail","publisher":{"@id":"https:\/\/www.fs-umi.ac.ma\/#organization"},"potentialAction":[{"@type":"SearchAction","target":{"@type":"EntryPoint","urlTemplate":"https:\/\/www.fs-umi.ac.ma\/?s={search_term_string}"},"query-input":{"@type":"PropertyValueSpecification","valueRequired":true,"valueName":"search_term_string"}}],"inLanguage":"fr-FR"},{"@type":"Organization","@id":"https:\/\/www.fs-umi.ac.ma\/#organization","name":"Facult\u00e9 des sciences de Mekn\u00e8s","url":"https:\/\/www.fs-umi.ac.ma\/","logo":{"@type":"ImageObject","inLanguage":"fr-FR","@id":"https:\/\/www.fs-umi.ac.ma\/#\/schema\/logo\/image\/","url":"https:\/\/www.fs-umi.ac.ma\/wp-content\/uploads\/2020\/10\/logo-2.png","contentUrl":"https:\/\/www.fs-umi.ac.ma\/wp-content\/uploads\/2020\/10\/logo-2.png","width":824,"height":307,"caption":"Facult\u00e9 des sciences de Mekn\u00e8s"},"image":{"@id":"https:\/\/www.fs-umi.ac.ma\/#\/schema\/logo\/image\/"}}]}},"rttpg_featured_image_url":null,"rttpg_author":{"display_name":"FSM","author_link":"https:\/\/www.fs-umi.ac.ma\/index.php\/author\/fsm\/"},"rttpg_comment":0,"rttpg_category":null,"rttpg_excerpt":"MOT DU DOYEN La Facult\u00e9 des Sciences de Mekn\u00e8s (FSM) se positionne comme un \u00e9tablissement phare au sein de l&#8217;Universit\u00e9 Moulay Ismail, forte d&#8217;une tradition de dynamisme et d&#8217;excellence reconnue. Depuis sa cr\u00e9ation en 1982, la FSM a jou\u00e9 un r\u00f4le central dans la formation de talents en Math\u00e9matiques, Informatique, Physique, Chimie, Biologie et G\u00e9ologie,&hellip;&nbsp;","_links":{"self":[{"href":"https:\/\/www.fs-umi.ac.ma\/index.php\/wp-json\/wp\/v2\/pages\/31","targetHints":{"allow":["GET"]}}],"collection":[{"href":"https:\/\/www.fs-umi.ac.ma\/index.php\/wp-json\/wp\/v2\/pages"}],"about":[{"href":"https:\/\/www.fs-umi.ac.ma\/index.php\/wp-json\/wp\/v2\/types\/page"}],"author":[{"embeddable":true,"href":"https:\/\/www.fs-umi.ac.ma\/index.php\/wp-json\/wp\/v2\/users\/1"}],"replies":[{"embeddable":true,"href":"https:\/\/www.fs-umi.ac.ma\/index.php\/wp-json\/wp\/v2\/comments?post=31"}],"version-history":[{"count":57,"href":"https:\/\/www.fs-umi.ac.ma\/index.php\/wp-json\/wp\/v2\/pages\/31\/revisions"}],"predecessor-version":[{"id":11601,"href":"https:\/\/www.fs-umi.ac.ma\/index.php\/wp-json\/wp\/v2\/pages\/31\/revisions\/11601"}],"wp:attachment":[{"href":"https:\/\/www.fs-umi.ac.ma\/index.php\/wp-json\/wp\/v2\/media?parent=31"}],"curies":[{"name":"wp","href":"https:\/\/api.w.org\/{rel}","templated":true}]}}