{"id":8544,"date":"2025-06-02T14:09:10","date_gmt":"2025-06-02T13:09:10","guid":{"rendered":"https:\/\/www.fs-umi.ac.ma\/?page_id=8544"},"modified":"2025-06-02T14:22:25","modified_gmt":"2025-06-02T13:22:25","slug":"licence-parcours-dexcellence-chimie-des-materiaux-et-des-procedes-industriels","status":"publish","type":"page","link":"https:\/\/www.fs-umi.ac.ma\/index.php\/licence-parcours-dexcellence-chimie-des-materiaux-et-des-procedes-industriels\/","title":{"rendered":"Licence (parcours d&#8217;excellence) &#8211; Chimie des mat\u00e9riaux et des proc\u00e9d\u00e9s industriels"},"content":{"rendered":"\t\t<div data-elementor-type=\"wp-page\" data-elementor-id=\"8544\" class=\"elementor elementor-8544\">\n\t\t\t\t\t\t<section class=\"elementor-section elementor-top-section elementor-element elementor-element-73041f9a elementor-section-boxed elementor-section-height-default elementor-section-height-default\" data-id=\"73041f9a\" data-element_type=\"section\" data-e-type=\"section\">\n\t\t\t\t\t\t<div class=\"elementor-container elementor-column-gap-default\">\n\t\t\t\t\t<div class=\"elementor-column elementor-col-100 elementor-top-column elementor-element elementor-element-6013eef8\" data-id=\"6013eef8\" data-element_type=\"column\" data-e-type=\"column\">\n\t\t\t<div class=\"elementor-widget-wrap elementor-element-populated\">\n\t\t\t\t\t\t<div class=\"elementor-element elementor-element-1765ade6 elementor-widget elementor-widget-text-editor\" data-id=\"1765ade6\" data-element_type=\"widget\" data-e-type=\"widget\" data-widget_type=\"text-editor.default\">\n\t\t\t\t<div class=\"elementor-widget-container\">\n\t\t\t\t\t\t\t\t\t\t\t\t\t\t\t\t\t<\/div>\n\t\t\t\t<\/div>\n\t\t\t\t\t<\/div>\n\t\t<\/div>\n\t\t\t\t\t<\/div>\n\t\t<\/section>\n\t\t\t\t<header class=\"elementor-section elementor-top-section elementor-element elementor-element-cc8a86a elementor-section-full_width elementor-section-height-min-height elementor-section-items-bottom elementor-section-height-default elementor-invisible\" data-id=\"cc8a86a\" data-element_type=\"section\" data-e-type=\"section\" data-settings=\"{&quot;background_background&quot;:&quot;classic&quot;,&quot;animation&quot;:&quot;fadeIn&quot;,&quot;animation_delay&quot;:50}\">\n\t\t\t\t\t\t\t<div class=\"elementor-background-overlay\"><\/div>\n\t\t\t\t\t\t\t<div class=\"elementor-container elementor-column-gap-no\">\n\t\t\t\t\t<div class=\"elementor-column elementor-col-100 elementor-top-column elementor-element elementor-element-92b0ed7\" data-id=\"92b0ed7\" data-element_type=\"column\" data-e-type=\"column\">\n\t\t\t<div class=\"elementor-widget-wrap elementor-element-populated\">\n\t\t\t\t\t\t<section class=\"elementor-section elementor-inner-section elementor-element elementor-element-44d7da3 elementor-section-content-bottom elementor-section-boxed elementor-section-height-default elementor-section-height-default\" data-id=\"44d7da3\" data-element_type=\"section\" data-e-type=\"section\">\n\t\t\t\t\t\t<div class=\"elementor-container elementor-column-gap-default\">\n\t\t\t\t\t<div class=\"elementor-column elementor-col-100 elementor-inner-column elementor-element elementor-element-9355ee8\" data-id=\"9355ee8\" data-element_type=\"column\" data-e-type=\"column\">\n\t\t\t<div class=\"elementor-widget-wrap elementor-element-populated\">\n\t\t\t\t\t\t<div class=\"elementor-element elementor-element-c07e982 animated-slow elementor-widget elementor-widget-heading\" data-id=\"c07e982\" data-element_type=\"widget\" data-e-type=\"widget\" data-settings=\"{&quot;_animation&quot;:&quot;none&quot;}\" data-widget_type=\"heading.default\">\n\t\t\t\t<div class=\"elementor-widget-container\">\n\t\t\t\t\t<h6 class=\"elementor-heading-title elementor-size-default\">Licence (Parcours d'Excellence) - Chimie des mat\u00e9riaux et des proc\u00e9d\u00e9s industriels<\/h6>\t\t\t\t<\/div>\n\t\t\t\t<\/div>\n\t\t\t\t\t<\/div>\n\t\t<\/div>\n\t\t\t\t\t<\/div>\n\t\t<\/section>\n\t\t\t\t\t<\/div>\n\t\t<\/div>\n\t\t\t\t\t<\/div>\n\t\t<\/header>\n\t\t\t\t<section class=\"elementor-section elementor-top-section elementor-element elementor-element-ac6571e elementor-reverse-mobile elementor-section-boxed elementor-section-height-default elementor-section-height-default\" data-id=\"ac6571e\" data-element_type=\"section\" data-e-type=\"section\">\n\t\t\t\t\t\t<div class=\"elementor-container elementor-column-gap-default\">\n\t\t\t\t\t<div class=\"elementor-column elementor-col-66 elementor-top-column elementor-element elementor-element-e04d95a\" data-id=\"e04d95a\" data-element_type=\"column\" data-e-type=\"column\">\n\t\t\t<div class=\"elementor-widget-wrap elementor-element-populated\">\n\t\t\t\t\t\t<div class=\"elementor-element elementor-element-df38e2b elementor-widget-divider--view-line elementor-invisible elementor-widget elementor-widget-divider\" data-id=\"df38e2b\" data-element_type=\"widget\" data-e-type=\"widget\" data-settings=\"{&quot;_animation&quot;:&quot;fadeInUp&quot;}\" data-widget_type=\"divider.default\">\n\t\t\t\t<div class=\"elementor-widget-container\">\n\t\t\t\t\t\t\t<div class=\"elementor-divider\">\n\t\t\t<span class=\"elementor-divider-separator\">\n\t\t\t\t\t\t<\/span>\n\t\t<\/div>\n\t\t\t\t\t\t<\/div>\n\t\t\t\t<\/div>\n\t\t\t\t\t<\/div>\n\t\t<\/div>\n\t\t\t\t<div class=\"elementor-column elementor-col-33 elementor-top-column elementor-element elementor-element-891b1d9 elementor-invisible\" data-id=\"891b1d9\" data-element_type=\"column\" data-e-type=\"column\" data-settings=\"{&quot;background_background&quot;:&quot;classic&quot;,&quot;animation&quot;:&quot;fadeIn&quot;}\">\n\t\t\t<div class=\"elementor-widget-wrap elementor-element-populated\">\n\t\t\t\t\t\t<div class=\"elementor-element elementor-element-be6710e animated-slow elementor-widget elementor-widget-heading\" data-id=\"be6710e\" data-element_type=\"widget\" data-e-type=\"widget\" data-settings=\"{&quot;_animation&quot;:&quot;none&quot;}\" data-widget_type=\"heading.default\">\n\t\t\t\t<div class=\"elementor-widget-container\">\n\t\t\t\t\t<h6 class=\"elementor-heading-title elementor-size-default\">Responsable:<\/h6>\t\t\t\t<\/div>\n\t\t\t\t<\/div>\n\t\t\t\t<div class=\"elementor-element elementor-element-8396b82 elementor-widget elementor-widget-heading\" data-id=\"8396b82\" data-element_type=\"widget\" data-e-type=\"widget\" data-widget_type=\"heading.default\">\n\t\t\t\t<div class=\"elementor-widget-container\">\n\t\t\t\t\t<h5 class=\"elementor-heading-title elementor-size-default\">Pr. BOUKHLIFI Fatima<\/h5>\t\t\t\t<\/div>\n\t\t\t\t<\/div>\n\t\t\t\t<div class=\"elementor-element elementor-element-aca05a0 elementor-icon-list--layout-traditional elementor-list-item-link-full_width elementor-widget elementor-widget-icon-list\" data-id=\"aca05a0\" data-element_type=\"widget\" data-e-type=\"widget\" data-widget_type=\"icon-list.default\">\n\t\t\t\t<div class=\"elementor-widget-container\">\n\t\t\t\t\t\t\t<ul class=\"elementor-icon-list-items\">\n\t\t\t\t\t\t\t<li class=\"elementor-icon-list-item\">\n\t\t\t\t\t\t\t\t\t\t\t<a href=\"mailto:%20f.boukhlifi@umi.ac.ma\">\n\n\t\t\t\t\t\t\t\t\t\t\t\t<span class=\"elementor-icon-list-icon\">\n\t\t\t\t\t\t\t<i aria-hidden=\"true\" class=\"fas fa-envelope\"><\/i>\t\t\t\t\t\t<\/span>\n\t\t\t\t\t\t\t\t\t\t<span class=\"elementor-icon-list-text\"> f.boukhlifi@umi.ac.ma<\/span>\n\t\t\t\t\t\t\t\t\t\t\t<\/a>\n\t\t\t\t\t\t\t\t\t<\/li>\n\t\t\t\t\t\t<\/ul>\n\t\t\t\t\t\t<\/div>\n\t\t\t\t<\/div>\n\t\t\t\t<div class=\"elementor-element elementor-element-e2ac0f9 animated-slow elementor-widget elementor-widget-heading\" data-id=\"e2ac0f9\" data-element_type=\"widget\" data-e-type=\"widget\" data-settings=\"{&quot;_animation&quot;:&quot;none&quot;}\" data-widget_type=\"heading.default\">\n\t\t\t\t<div class=\"elementor-widget-container\">\n\t\t\t\t\t<h6 class=\"elementor-heading-title elementor-size-default\">D\u00e9partement:<\/h6>\t\t\t\t<\/div>\n\t\t\t\t<\/div>\n\t\t\t\t<div class=\"elementor-element elementor-element-126700b elementor-widget elementor-widget-heading\" data-id=\"126700b\" data-element_type=\"widget\" data-e-type=\"widget\" data-widget_type=\"heading.default\">\n\t\t\t\t<div class=\"elementor-widget-container\">\n\t\t\t\t\t<h5 class=\"elementor-heading-title elementor-size-default\"><a href=\"https:\/\/www.fs-umi.ac.ma\/index.php\/departement-de-chimie\/\">D\u00e9partement de Chimie<\/a><\/h5>\t\t\t\t<\/div>\n\t\t\t\t<\/div>\n\t\t\t\t\t<\/div>\n\t\t<\/div>\n\t\t\t\t\t<\/div>\n\t\t<\/section>\n\t\t\t\t<section class=\"elementor-section elementor-top-section elementor-element elementor-element-dde1291 elementor-section-boxed elementor-section-height-default elementor-section-height-default\" data-id=\"dde1291\" data-element_type=\"section\" data-e-type=\"section\">\n\t\t\t\t\t\t<div class=\"elementor-container elementor-column-gap-default\">\n\t\t\t\t\t<div class=\"elementor-column elementor-col-100 elementor-top-column elementor-element elementor-element-afe544f\" data-id=\"afe544f\" data-element_type=\"column\" data-e-type=\"column\">\n\t\t\t<div class=\"elementor-widget-wrap elementor-element-populated\">\n\t\t\t\t\t\t<div class=\"elementor-element elementor-element-3b1d449 animated-slow elementor-invisible elementor-widget elementor-widget-heading\" data-id=\"3b1d449\" data-element_type=\"widget\" data-e-type=\"widget\" data-settings=\"{&quot;_animation&quot;:&quot;fadeIn&quot;}\" data-widget_type=\"heading.default\">\n\t\t\t\t<div class=\"elementor-widget-container\">\n\t\t\t\t\t<h6 class=\"elementor-heading-title elementor-size-default\">Contenu de la formation<\/h6>\t\t\t\t<\/div>\n\t\t\t\t<\/div>\n\t\t\t\t<div class=\"elementor-element elementor-element-6d4ab1f elementor-widget-divider--view-line elementor-invisible elementor-widget elementor-widget-divider\" data-id=\"6d4ab1f\" data-element_type=\"widget\" data-e-type=\"widget\" data-settings=\"{&quot;_animation&quot;:&quot;fadeInUp&quot;}\" data-widget_type=\"divider.default\">\n\t\t\t\t<div class=\"elementor-widget-container\">\n\t\t\t\t\t\t\t<div class=\"elementor-divider\">\n\t\t\t<span class=\"elementor-divider-separator\">\n\t\t\t\t\t\t<\/span>\n\t\t<\/div>\n\t\t\t\t\t\t<\/div>\n\t\t\t\t<\/div>\n\t\t\t\t\t<\/div>\n\t\t<\/div>\n\t\t\t\t\t<\/div>\n\t\t<\/section>\n\t\t\t\t<section class=\"elementor-section elementor-top-section elementor-element elementor-element-9c7c0ee elementor-section-boxed elementor-section-height-default elementor-section-height-default\" data-id=\"9c7c0ee\" data-element_type=\"section\" data-e-type=\"section\">\n\t\t\t\t\t\t<div class=\"elementor-container elementor-column-gap-default\">\n\t\t\t\t\t<div class=\"elementor-column elementor-col-100 elementor-top-column elementor-element elementor-element-73ab48d\" data-id=\"73ab48d\" data-element_type=\"column\" data-e-type=\"column\">\n\t\t\t<div class=\"elementor-widget-wrap elementor-element-populated\">\n\t\t\t\t\t\t<div class=\"elementor-element elementor-element-08eb2bc elementor-invisible elementor-widget elementor-widget-text-editor\" data-id=\"08eb2bc\" data-element_type=\"widget\" data-e-type=\"widget\" data-settings=\"{&quot;_animation&quot;:&quot;fadeIn&quot;}\" data-widget_type=\"text-editor.default\">\n\t\t\t\t<div class=\"elementor-widget-container\">\n\t\t\t\t\t\t\t\t\t<h3><b>Semestre 5<\/b><\/h3>\n<table class=\"styled-table\">\n    <thead>\n        <tr>\n            <th>Intitul\u00e9 du module<\/th>\n            <th>Volume horaire<\/th>\n            <th>ECTS<\/th>\n        <\/tr>\n    <\/thead>\n    <tbody>\n        <tr>\n            <td>Cin\u00e9tique chimique et catalyse industrielle<\/td>\n            <td>50h<\/td>\n            <td>5<\/td>\n        <\/tr>\n        <tr>\n            <td>Electrochimie industrielle<\/td>\n            <td>48h<\/td>\n            <td>5<\/td>\n        <\/tr>\n        <tr>\n            <td>Techniques d\u2019analyse chromatographiques et spectroscopiques<\/td>\n            <td>50h<\/td>\n            <td>5<\/td>\n        <\/tr>\n        <tr>\n            <td>Anglais\/Fran\u00e7ais<\/td>\n            <td>46h<\/td>\n            <td>3<\/td>\n        <\/tr>\n        <tr>\n            <td>G\u00e9nie des proc\u00e9d\u00e9s I : Transfert de mati\u00e8re et de chaleur<\/td>\n            <td>50h<\/td>\n            <td>5<\/td>\n        <\/tr>\n        <tr>\n            <td>Chimie organique : r\u00e9activit\u00e9 et m\u00e9canisme r\u00e9actionnels<\/td>\n            <td>44h<\/td>\n            <td>4<\/td>\n        <\/tr>\n        <tr>\n            <td>Digital Skills II : Excel avanc\u00e9<\/td>\n            <td>45h<\/td>\n            <td>3<\/td>\n        <\/tr>\n    <\/tbody>\n<\/table>\n\n<h3>\u00a0<\/h3>\n<h3><b>Semestre 6\u00a0<\/b><\/h3>\n<table class=\"styled-table\">\n  <thead>\n    <tr>\n      <th>Intitul\u00e9 du module<\/th>\n      <th>Volume horaire<\/th>\n      <th>ECTS<\/th>\n    <\/tr>\n  <\/thead>\n  <tbody>\n    <tr>\n      <td>DROIT, CIVISME ET CITOYENNETE<\/td>\n      <td>45h<\/td>\n      <td>3<\/td>\n    <\/tr>\n    <tr>\n      <td>Cristallographie et analyse structurale<\/td>\n      <td>46h<\/td>\n      <td>5<\/td>\n    <\/tr>\n    <tr>\n      <td>D\u00e9marche qualit\u00e9 concepts et sensibilisation<\/td>\n      <td>44h<\/td>\n      <td>5<\/td>\n    <\/tr>\n    <tr>\n      <td>Chimie min\u00e9rale et industrielle<\/td>\n      <td>48h<\/td>\n      <td>5<\/td>\n    <\/tr>\n    <tr>\n      <td>Projet tutor\u00e9 professionnel<\/td>\n      <td>50h<\/td>\n      <td>4<\/td>\n    <\/tr>\n    <tr>\n      <td>Corrosion et proc\u00e9d\u00e9s de rev\u00eatement industriels<\/td>\n      <td>46h<\/td>\n      <td>5<\/td>\n    <\/tr>\n    <tr>\n      <td>Anglais \/ FRANCAIS<\/td>\n      <td>46h<\/td>\n      <td>3<\/td>\n    <\/tr>\n  <\/tbody>\n<\/table>\n\t\t\t\t\t\t\t\t<\/div>\n\t\t\t\t<\/div>\n\t\t\t\t\t<\/div>\n\t\t<\/div>\n\t\t\t\t\t<\/div>\n\t\t<\/section>\n\t\t\t\t<\/div>\n\t\t","protected":false},"excerpt":{"rendered":"<p>Licence (Parcours d&#8217;Excellence) &#8211; Chimie des mat\u00e9riaux et des proc\u00e9d\u00e9s industriels Responsable: Pr. BOUKHLIFI Fatima f.boukhlifi@umi.ac.ma D\u00e9partement: D\u00e9partement de Chimie Contenu de la formation Semestre 5 Intitul\u00e9 du module Volume horaire ECTS Cin\u00e9tique chimique et catalyse industrielle 50h 5 Electrochimie industrielle 48h 5 Techniques d\u2019analyse chromatographiques et spectroscopiques 50h 5 Anglais\/Fran\u00e7ais 46h 3 G\u00e9nie des&hellip;&nbsp;<\/p>\n","protected":false},"author":1,"featured_media":0,"parent":0,"menu_order":0,"comment_status":"closed","ping_status":"closed","template":"","meta":{"neve_meta_sidebar":"","neve_meta_container":"","neve_meta_enable_content_width":"","neve_meta_content_width":0,"neve_meta_title_alignment":"","neve_meta_author_avatar":"","neve_post_elements_order":"","neve_meta_disable_header":"","neve_meta_disable_footer":"","neve_meta_disable_title":"","footnotes":""},"class_list":["post-8544","page","type-page","status-publish","hentry"],"yoast_head":"<!-- This site is optimized with the Yoast SEO plugin v27.3 - https:\/\/yoast.com\/product\/yoast-seo-wordpress\/ -->\n<title>Licence (parcours d&#039;excellence) - Chimie des mat\u00e9riaux et des proc\u00e9d\u00e9s industriels - Facult\u00e9 des sciences de Mekn\u00e8s<\/title>\n<meta name=\"robots\" content=\"index, follow, max-snippet:-1, max-image-preview:large, max-video-preview:-1\" \/>\n<link rel=\"canonical\" href=\"https:\/\/www.fs-umi.ac.ma\/index.php\/licence-parcours-dexcellence-chimie-des-materiaux-et-des-procedes-industriels\/\" \/>\n<meta property=\"og:locale\" content=\"fr_FR\" \/>\n<meta property=\"og:type\" content=\"article\" \/>\n<meta property=\"og:title\" content=\"Licence (parcours d&#039;excellence) - Chimie des mat\u00e9riaux et des proc\u00e9d\u00e9s industriels - Facult\u00e9 des sciences de Mekn\u00e8s\" \/>\n<meta property=\"og:description\" content=\"Licence (Parcours d&#8217;Excellence) &#8211; Chimie des mat\u00e9riaux et des proc\u00e9d\u00e9s industriels Responsable: Pr. BOUKHLIFI Fatima f.boukhlifi@umi.ac.ma D\u00e9partement: D\u00e9partement de Chimie Contenu de la formation Semestre 5 Intitul\u00e9 du module Volume horaire ECTS Cin\u00e9tique chimique et catalyse industrielle 50h 5 Electrochimie industrielle 48h 5 Techniques d\u2019analyse chromatographiques et spectroscopiques 50h 5 Anglais\/Fran\u00e7ais 46h 3 G\u00e9nie des&hellip;&nbsp;\" \/>\n<meta property=\"og:url\" content=\"https:\/\/www.fs-umi.ac.ma\/index.php\/licence-parcours-dexcellence-chimie-des-materiaux-et-des-procedes-industriels\/\" \/>\n<meta property=\"og:site_name\" content=\"Facult\u00e9 des sciences de Mekn\u00e8s\" \/>\n<meta property=\"article:modified_time\" content=\"2025-06-02T13:22:25+00:00\" \/>\n<meta name=\"twitter:card\" content=\"summary_large_image\" \/>\n<meta name=\"twitter:label1\" content=\"Dur\u00e9e de lecture estim\u00e9e\" \/>\n\t<meta name=\"twitter:data1\" content=\"1 minute\" \/>\n<script type=\"application\/ld+json\" class=\"yoast-schema-graph\">{\"@context\":\"https:\\\/\\\/schema.org\",\"@graph\":[{\"@type\":\"WebPage\",\"@id\":\"https:\\\/\\\/www.fs-umi.ac.ma\\\/index.php\\\/licence-parcours-dexcellence-chimie-des-materiaux-et-des-procedes-industriels\\\/\",\"url\":\"https:\\\/\\\/www.fs-umi.ac.ma\\\/index.php\\\/licence-parcours-dexcellence-chimie-des-materiaux-et-des-procedes-industriels\\\/\",\"name\":\"Licence (parcours d'excellence) - Chimie des mat\u00e9riaux et des proc\u00e9d\u00e9s industriels - Facult\u00e9 des sciences de Mekn\u00e8s\",\"isPartOf\":{\"@id\":\"https:\\\/\\\/www.fs-umi.ac.ma\\\/#website\"},\"datePublished\":\"2025-06-02T13:09:10+00:00\",\"dateModified\":\"2025-06-02T13:22:25+00:00\",\"breadcrumb\":{\"@id\":\"https:\\\/\\\/www.fs-umi.ac.ma\\\/index.php\\\/licence-parcours-dexcellence-chimie-des-materiaux-et-des-procedes-industriels\\\/#breadcrumb\"},\"inLanguage\":\"fr-FR\",\"potentialAction\":[{\"@type\":\"ReadAction\",\"target\":[\"https:\\\/\\\/www.fs-umi.ac.ma\\\/index.php\\\/licence-parcours-dexcellence-chimie-des-materiaux-et-des-procedes-industriels\\\/\"]}]},{\"@type\":\"BreadcrumbList\",\"@id\":\"https:\\\/\\\/www.fs-umi.ac.ma\\\/index.php\\\/licence-parcours-dexcellence-chimie-des-materiaux-et-des-procedes-industriels\\\/#breadcrumb\",\"itemListElement\":[{\"@type\":\"ListItem\",\"position\":1,\"name\":\"Accueil\",\"item\":\"https:\\\/\\\/www.fs-umi.ac.ma\\\/\"},{\"@type\":\"ListItem\",\"position\":2,\"name\":\"Licence (parcours d&#8217;excellence) &#8211; Chimie des mat\u00e9riaux et des proc\u00e9d\u00e9s industriels\"}]},{\"@type\":\"WebSite\",\"@id\":\"https:\\\/\\\/www.fs-umi.ac.ma\\\/#website\",\"url\":\"https:\\\/\\\/www.fs-umi.ac.ma\\\/\",\"name\":\"Facult\u00e9 des sciences de Mekn\u00e8s\",\"description\":\"Universit\u00e9 Moulay Ismail\",\"publisher\":{\"@id\":\"https:\\\/\\\/www.fs-umi.ac.ma\\\/#organization\"},\"potentialAction\":[{\"@type\":\"SearchAction\",\"target\":{\"@type\":\"EntryPoint\",\"urlTemplate\":\"https:\\\/\\\/www.fs-umi.ac.ma\\\/?s={search_term_string}\"},\"query-input\":{\"@type\":\"PropertyValueSpecification\",\"valueRequired\":true,\"valueName\":\"search_term_string\"}}],\"inLanguage\":\"fr-FR\"},{\"@type\":\"Organization\",\"@id\":\"https:\\\/\\\/www.fs-umi.ac.ma\\\/#organization\",\"name\":\"Facult\u00e9 des sciences de Mekn\u00e8s\",\"url\":\"https:\\\/\\\/www.fs-umi.ac.ma\\\/\",\"logo\":{\"@type\":\"ImageObject\",\"inLanguage\":\"fr-FR\",\"@id\":\"https:\\\/\\\/www.fs-umi.ac.ma\\\/#\\\/schema\\\/logo\\\/image\\\/\",\"url\":\"https:\\\/\\\/www.fs-umi.ac.ma\\\/wp-content\\\/uploads\\\/2020\\\/10\\\/logo-2.png\",\"contentUrl\":\"https:\\\/\\\/www.fs-umi.ac.ma\\\/wp-content\\\/uploads\\\/2020\\\/10\\\/logo-2.png\",\"width\":824,\"height\":307,\"caption\":\"Facult\u00e9 des sciences de Mekn\u00e8s\"},\"image\":{\"@id\":\"https:\\\/\\\/www.fs-umi.ac.ma\\\/#\\\/schema\\\/logo\\\/image\\\/\"}}]}<\/script>\n<!-- \/ Yoast SEO plugin. -->","yoast_head_json":{"title":"Licence (parcours d'excellence) - Chimie des mat\u00e9riaux et des proc\u00e9d\u00e9s industriels - Facult\u00e9 des sciences de Mekn\u00e8s","robots":{"index":"index","follow":"follow","max-snippet":"max-snippet:-1","max-image-preview":"max-image-preview:large","max-video-preview":"max-video-preview:-1"},"canonical":"https:\/\/www.fs-umi.ac.ma\/index.php\/licence-parcours-dexcellence-chimie-des-materiaux-et-des-procedes-industriels\/","og_locale":"fr_FR","og_type":"article","og_title":"Licence (parcours d'excellence) - Chimie des mat\u00e9riaux et des proc\u00e9d\u00e9s industriels - Facult\u00e9 des sciences de Mekn\u00e8s","og_description":"Licence (Parcours d&#8217;Excellence) &#8211; Chimie des mat\u00e9riaux et des proc\u00e9d\u00e9s industriels Responsable: Pr. BOUKHLIFI Fatima f.boukhlifi@umi.ac.ma D\u00e9partement: D\u00e9partement de Chimie Contenu de la formation Semestre 5 Intitul\u00e9 du module Volume horaire ECTS Cin\u00e9tique chimique et catalyse industrielle 50h 5 Electrochimie industrielle 48h 5 Techniques d\u2019analyse chromatographiques et spectroscopiques 50h 5 Anglais\/Fran\u00e7ais 46h 3 G\u00e9nie des&hellip;&nbsp;","og_url":"https:\/\/www.fs-umi.ac.ma\/index.php\/licence-parcours-dexcellence-chimie-des-materiaux-et-des-procedes-industriels\/","og_site_name":"Facult\u00e9 des sciences de Mekn\u00e8s","article_modified_time":"2025-06-02T13:22:25+00:00","twitter_card":"summary_large_image","twitter_misc":{"Dur\u00e9e de lecture estim\u00e9e":"1 minute"},"schema":{"@context":"https:\/\/schema.org","@graph":[{"@type":"WebPage","@id":"https:\/\/www.fs-umi.ac.ma\/index.php\/licence-parcours-dexcellence-chimie-des-materiaux-et-des-procedes-industriels\/","url":"https:\/\/www.fs-umi.ac.ma\/index.php\/licence-parcours-dexcellence-chimie-des-materiaux-et-des-procedes-industriels\/","name":"Licence (parcours d'excellence) - Chimie des mat\u00e9riaux et des proc\u00e9d\u00e9s industriels - Facult\u00e9 des sciences de Mekn\u00e8s","isPartOf":{"@id":"https:\/\/www.fs-umi.ac.ma\/#website"},"datePublished":"2025-06-02T13:09:10+00:00","dateModified":"2025-06-02T13:22:25+00:00","breadcrumb":{"@id":"https:\/\/www.fs-umi.ac.ma\/index.php\/licence-parcours-dexcellence-chimie-des-materiaux-et-des-procedes-industriels\/#breadcrumb"},"inLanguage":"fr-FR","potentialAction":[{"@type":"ReadAction","target":["https:\/\/www.fs-umi.ac.ma\/index.php\/licence-parcours-dexcellence-chimie-des-materiaux-et-des-procedes-industriels\/"]}]},{"@type":"BreadcrumbList","@id":"https:\/\/www.fs-umi.ac.ma\/index.php\/licence-parcours-dexcellence-chimie-des-materiaux-et-des-procedes-industriels\/#breadcrumb","itemListElement":[{"@type":"ListItem","position":1,"name":"Accueil","item":"https:\/\/www.fs-umi.ac.ma\/"},{"@type":"ListItem","position":2,"name":"Licence (parcours d&#8217;excellence) &#8211; Chimie des mat\u00e9riaux et des proc\u00e9d\u00e9s industriels"}]},{"@type":"WebSite","@id":"https:\/\/www.fs-umi.ac.ma\/#website","url":"https:\/\/www.fs-umi.ac.ma\/","name":"Facult\u00e9 des sciences de Mekn\u00e8s","description":"Universit\u00e9 Moulay Ismail","publisher":{"@id":"https:\/\/www.fs-umi.ac.ma\/#organization"},"potentialAction":[{"@type":"SearchAction","target":{"@type":"EntryPoint","urlTemplate":"https:\/\/www.fs-umi.ac.ma\/?s={search_term_string}"},"query-input":{"@type":"PropertyValueSpecification","valueRequired":true,"valueName":"search_term_string"}}],"inLanguage":"fr-FR"},{"@type":"Organization","@id":"https:\/\/www.fs-umi.ac.ma\/#organization","name":"Facult\u00e9 des sciences de Mekn\u00e8s","url":"https:\/\/www.fs-umi.ac.ma\/","logo":{"@type":"ImageObject","inLanguage":"fr-FR","@id":"https:\/\/www.fs-umi.ac.ma\/#\/schema\/logo\/image\/","url":"https:\/\/www.fs-umi.ac.ma\/wp-content\/uploads\/2020\/10\/logo-2.png","contentUrl":"https:\/\/www.fs-umi.ac.ma\/wp-content\/uploads\/2020\/10\/logo-2.png","width":824,"height":307,"caption":"Facult\u00e9 des sciences de Mekn\u00e8s"},"image":{"@id":"https:\/\/www.fs-umi.ac.ma\/#\/schema\/logo\/image\/"}}]}},"rttpg_featured_image_url":null,"rttpg_author":{"display_name":"FSM","author_link":"https:\/\/www.fs-umi.ac.ma\/index.php\/author\/fsm\/"},"rttpg_comment":0,"rttpg_category":null,"rttpg_excerpt":"Licence (Parcours d&#8217;Excellence) &#8211; Chimie des mat\u00e9riaux et des proc\u00e9d\u00e9s industriels Responsable: Pr. BOUKHLIFI Fatima f.boukhlifi@umi.ac.ma D\u00e9partement: D\u00e9partement de Chimie Contenu de la formation Semestre 5 Intitul\u00e9 du module Volume horaire ECTS Cin\u00e9tique chimique et catalyse industrielle 50h 5 Electrochimie industrielle 48h 5 Techniques d\u2019analyse chromatographiques et spectroscopiques 50h 5 Anglais\/Fran\u00e7ais 46h 3 G\u00e9nie des&hellip;&nbsp;","_links":{"self":[{"href":"https:\/\/www.fs-umi.ac.ma\/index.php\/wp-json\/wp\/v2\/pages\/8544","targetHints":{"allow":["GET"]}}],"collection":[{"href":"https:\/\/www.fs-umi.ac.ma\/index.php\/wp-json\/wp\/v2\/pages"}],"about":[{"href":"https:\/\/www.fs-umi.ac.ma\/index.php\/wp-json\/wp\/v2\/types\/page"}],"author":[{"embeddable":true,"href":"https:\/\/www.fs-umi.ac.ma\/index.php\/wp-json\/wp\/v2\/users\/1"}],"replies":[{"embeddable":true,"href":"https:\/\/www.fs-umi.ac.ma\/index.php\/wp-json\/wp\/v2\/comments?post=8544"}],"version-history":[{"count":4,"href":"https:\/\/www.fs-umi.ac.ma\/index.php\/wp-json\/wp\/v2\/pages\/8544\/revisions"}],"predecessor-version":[{"id":8556,"href":"https:\/\/www.fs-umi.ac.ma\/index.php\/wp-json\/wp\/v2\/pages\/8544\/revisions\/8556"}],"wp:attachment":[{"href":"https:\/\/www.fs-umi.ac.ma\/index.php\/wp-json\/wp\/v2\/media?parent=8544"}],"curies":[{"name":"wp","href":"https:\/\/api.w.org\/{rel}","templated":true}]}}